{"id":10,"date":"2026-04-13T14:20:43","date_gmt":"2026-04-13T14:20:43","guid":{"rendered":"https:\/\/www.origenity.es\/?page_id=10"},"modified":"2026-04-13T21:15:33","modified_gmt":"2026-04-13T21:15:33","slug":"metodo-origen","status":"publish","type":"page","link":"https:\/\/www.origenity.es\/index.php\/metodo-origen\/","title":{"rendered":"M\u00e9todo Origen"},"content":{"rendered":"\t\t<div data-elementor-type=\"wp-page\" data-elementor-id=\"10\" class=\"elementor elementor-10\">\n\t\t\t\t<div class=\"elementor-element elementor-element-56f1e60 e-flex e-con-boxed e-con e-parent\" data-id=\"56f1e60\" data-element_type=\"container\" data-e-type=\"container\">\n\t\t\t\t\t<div class=\"e-con-inner\">\n\t\t<div class=\"elementor-element elementor-element-1b15ebd e-con-full e-flex e-con e-child\" data-id=\"1b15ebd\" data-element_type=\"container\" data-e-type=\"container\">\n\t\t\t\t\t\t\t\t<p class=\"e-8800573-a64e969 e-paragraph-base\" data-interaction-id=\"8800573\"  >\n\t\t\t\t\t\t\t\tUna casa tranquila no es casualidad<br><br>Una estructura familiar sencilla para que el d\u00eda a d\u00eda con tus hijos funcione con m\u00e1s calma, m\u00e1s cooperaci\u00f3n y menos tensi\u00f3n.<br><br>Pensado para madres que quieren educar bien, pero sienten que el ritmo familiar se ha vuelto demasiado intenso.<br><br><br>\n\t\t\t\t\t<\/p>\n\t\t\t\t<\/div>\n\t\t<div class=\"elementor-element elementor-element-afdcdfc e-con-full e-flex e-con e-child\" data-id=\"afdcdfc\" data-element_type=\"container\" data-e-type=\"container\">\n\t\t\t\t<\/div>\n\t\t\t\t\t\t\t\t<p class=\"e-paragraph-base\" data-interaction-id=\"2dee993\"  >\n\t\t\t\t\t\t\t\tEscribe aqu\u00ed tu p\u00e1rrafo\n\t\t\t\t\t<\/p>\n\t\t\t\t\t<\/div>\n\t\t\t\t<\/div>\n\t\t\t\t<\/div>\n\t\t","protected":false},"excerpt":{"rendered":"<p>Una casa tranquila no es casualidad Una estructura familiar sencilla para que el d\u00eda a d\u00eda con tus hijos funcione con m\u00e1s calma, m\u00e1s cooperaci\u00f3n y menos tensi\u00f3n. Pensado para madres que quieren educar bien, pero sienten que el ritmo familiar se ha vuelto demasiado intenso. Escribe aqu\u00ed tu p\u00e1rrafo<\/p>\n","protected":false},"author":1,"featured_media":0,"parent":0,"menu_order":0,"comment_status":"closed","ping_status":"closed","template":"","meta":{"footnotes":""},"class_list":["post-10","page","type-page","status-publish","hentry"],"_links":{"self":[{"href":"https:\/\/www.origenity.es\/index.php\/wp-json\/wp\/v2\/pages\/10","targetHints":{"allow":["GET"]}}],"collection":[{"href":"https:\/\/www.origenity.es\/index.php\/wp-json\/wp\/v2\/pages"}],"about":[{"href":"https:\/\/www.origenity.es\/index.php\/wp-json\/wp\/v2\/types\/page"}],"author":[{"embeddable":true,"href":"https:\/\/www.origenity.es\/index.php\/wp-json\/wp\/v2\/users\/1"}],"replies":[{"embeddable":true,"href":"https:\/\/www.origenity.es\/index.php\/wp-json\/wp\/v2\/comments?post=10"}],"version-history":[{"count":34,"href":"https:\/\/www.origenity.es\/index.php\/wp-json\/wp\/v2\/pages\/10\/revisions"}],"predecessor-version":[{"id":51,"href":"https:\/\/www.origenity.es\/index.php\/wp-json\/wp\/v2\/pages\/10\/revisions\/51"}],"wp:attachment":[{"href":"https:\/\/www.origenity.es\/index.php\/wp-json\/wp\/v2\/media?parent=10"}],"curies":[{"name":"wp","href":"https:\/\/api.w.org\/{rel}","templated":true}]}}